{"id":2,"date":"2013-03-23T07:47:23","date_gmt":"2013-03-23T07:47:23","guid":{"rendered":"http:\/\/www.avocatmocan.ro\/?page_id=2"},"modified":"2023-09-24T16:08:56","modified_gmt":"2023-09-24T16:08:56","slug":"sample-page","status":"publish","type":"page","link":"https:\/\/www.avocat-jurca.ro\/?page_id=2","title":{"rendered":"Domenii de activitate"},"content":{"rendered":"\n<div class=\"wp-block-group\"><div class=\"wp-block-group__inner-container\">\n<p>Cabinetul de avocatur\u0103, prin Avocat <strong>Angelica Jurca<\/strong>\u00a0 \u015fi colaboratorii s\u0103i, ofer\u0103 servicii de consultan\u0163\u0103 juridic\u0103 \u00een diferite\u00a0 domenii juridice, asisten\u021b\u0103\u00a0 \u015fi reprezentare juridic\u0103\u00a0 \u00een fa\u0163a\u00a0 tuturor\u00a0 instan\u0163elor de judecat\u0103 din Rom\u00e2nia ,\u00a0 precum \u015fi \u00een raporturile cu\u00a0 orice\u00a0 \u00a0institu\u0163ie public\u0103 sau persoan\u0103 juridic\u0103 de drept public sau\u00a0 privat, at\u00e2t din Rom\u00e2nia, c\u00e2t \u0219i din alte state\u00a0 ,\u00a0 \u00een scopul\u00a0 ap\u0103r\u0103rii \u0219i satisfacerii\u00a0 intereselor clien\u0163ilor s\u0103i.<\/p>\n<p>Clien\u021bii cabinetului pot beneficia \u00een func\u021bie de drepturile \u0219i\u00a0 interesele lor\u00a0 \u00a0\u0219i de\u00a0 servicii de mediere eficiente, negociere \u0219i lobby la un \u00eenalt standard calitativ asigurat de expertiza profesional\u0103 a d-nei avocat-mediator <strong>Angelica\u00a0 Jurca.<\/strong><\/p>\n<p><strong>Domenii de expertiz\u0103<\/strong>:<\/p>\n<ul>\n<li>\u00a0Drept civil ;<\/li>\n<li>\u00a0Drept penal ;<\/li>\n<li>\u00a0Drept administrativ;<\/li>\n<li>\u00a0Dreptul familiei;<\/li>\n<li>\u00a0Dreptul muncii;<\/li>\n<li>\u00a0Drept de proprietate \u015fi alte drepturi reale;<\/li>\n<li>\u00a0Drept comercial ;<\/li>\n<li>\u00a0Drept bancar \u015fi financiar;<\/li>\n<li>\u00a0Metode alternative extrajudiciare de solu\u021bionare a disputelor .<\/li>\n<\/ul>\n<p class=\"western\" lang=\"en-US\"><strong>\u00a0\u00a0\u00a0\u00a0 FIELDS OF ACTIVITY <\/strong><\/p>\n<p class=\"western\" lang=\"en-US\"><strong><span style=\"font-family: Times New Roman, serif;\"><span style=\"font-size: small;\"><span style=\"color: #202124;\"><span lang=\"en-US\">\u00a0\u00a0 The law firm, through Lawyer Angelica Jurca and her collaborators, offers legal advice services in various legal fields, assistance and legal representation in front of all courts in Romania, as well as in relations with any public institution or legal person under public law or private, both in Romania and in other countries, in order to defend and satisfy the interests of its customers.<\/span><\/span><\/span><\/span> <span style=\"color: #202124;\"><span style=\"font-family: Times New Roman, serif;\"><span style=\"font-size: small;\"><span lang=\"en-US\">The firm&#8217;s clients can benefit, depending on their rights and interests, from efficient mediation, negotiation and lobbying services at a high quality standard ensured by the expertise as mediator of the lawyer-mediator Angelica Jurca.<\/span><\/span><\/span><\/span><\/strong><\/p>\n<p class=\"western\" lang=\"en-US\"><strong>\u00a0\u00a0 <span style=\"color: #202124;\"><span style=\"font-family: Times New Roman, serif;\"><span style=\"font-size: small;\"><span lang=\"en-US\">Areas of expertise:<\/span><\/span><\/span><\/span><span lang=\"en-US\"><span style=\"color: #202124; font-family: Times New Roman, serif; font-size: small;\">Civil law ;<\/span> <\/span><span lang=\"en-US\"><span style=\"color: #202124; font-family: Times New Roman, serif; font-size: small;\">Criminal law ;<\/span> <\/span><span style=\"font-family: Times New Roman, serif;\"><span style=\"font-size: small;\"><span style=\"color: #202124;\"><span lang=\"en-US\">Administrative law;<\/span><\/span><\/span><\/span> <span lang=\"en-US\"><span style=\"color: #202124; font-family: Times New Roman, serif; font-size: small;\">Family law;<\/span> <\/span><span style=\"font-family: Times New Roman, serif;\"><span style=\"font-size: small;\"><span style=\"color: #202124;\"><span lang=\"en-US\">Labor law;<\/span><\/span><\/span><\/span> <span lang=\"en-US\"> <span style=\"color: #202124; font-family: Times New Roman, serif; font-size: small;\">Property rights and other real rights;<\/span><\/span> <span style=\"font-family: Times New Roman, serif;\"><span style=\"font-size: small;\"><span style=\"color: #202124;\"><span lang=\"en-US\">Commercial law ;<\/span><\/span><\/span><\/span><span style=\"font-family: Times New Roman, serif;\"><span style=\"font-size: small;\"><span style=\"color: #202124;\"><span lang=\"en-US\">Banking and financial law;<\/span><\/span><\/span><\/span> <span style=\"font-family: Times New Roman, serif;\"><span style=\"font-size: small;\"><span style=\"color: #202124;\"><span lang=\"en-US\">Alternative out-of-court dispute resolution.<\/span><\/span><\/span><\/span><\/strong><\/p>\n<\/div><\/div>\n","protected":false},"excerpt":{"rendered":"","protected":false},"author":2,"featured_media":0,"parent":0,"menu_order":1,"comment_status":"open","ping_status":"open","template":"page-full.php","meta":{"_links_to":"","_links_to_target":""},"_links":{"self":[{"href":"https:\/\/www.avocat-jurca.ro\/index.php?rest_route=\/wp\/v2\/pages\/2"}],"collection":[{"href":"https:\/\/www.avocat-jurca.ro\/index.php?rest_route=\/wp\/v2\/pages"}],"about":[{"href":"https:\/\/www.avocat-jurca.ro\/index.php?rest_route=\/wp\/v2\/types\/page"}],"author":[{"embeddable":true,"href":"https:\/\/www.avocat-jurca.ro\/index.php?rest_route=\/wp\/v2\/users\/2"}],"replies":[{"embeddable":true,"href":"https:\/\/www.avocat-jurca.ro\/index.php?rest_route=%2Fwp%2Fv2%2Fcomments&post=2"}],"version-history":[{"count":28,"href":"https:\/\/www.avocat-jurca.ro\/index.php?rest_route=\/wp\/v2\/pages\/2\/revisions"}],"predecessor-version":[{"id":400,"href":"https:\/\/www.avocat-jurca.ro\/index.php?rest_route=\/wp\/v2\/pages\/2\/revisions\/400"}],"wp:attachment":[{"href":"https:\/\/www.avocat-jurca.ro\/index.php?rest_route=%2Fwp%2Fv2%2Fmedia&parent=2"}],"curies":[{"name":"wp","href":"https:\/\/api.w.org\/{rel}","templated":true}]}}